e prime factors of 467?
467
What are the prime factors of 12418?
2, 7, 887
What are the prime factors of 3834?
2, 3, 71
What are the prime factors of 3273?
3, 1091
List the prime factors of 276.
2, 3, 23
List the prime factors of 6458.
2, 3229
What are the prime factors of 2049?
3, 683
What are the prime factors of 10717?
7, 1531
List the prime factors of 2189.
11, 199
What are the prime factors of 961?
31
List the prime factors of 4363.
4363
List the prime factors of 104390.
2, 5, 11, 13, 73
List the prime factors of 38682.
2, 3, 7, 307
List the prime factors of 109940.
2, 5, 23, 239
List the prime factors of 4886.
2, 7, 349
List the prime factors of 652.
2, 163
List the prime factors of 1106.
2, 7, 79
What are the prime factors of 46973?
107, 439
List the prime factors of 122434.
2, 13, 17, 277
List the prime factors of 1118.
2, 13, 43
List the prime factors of 3927.
3, 7, 11, 17
List the prime factors of 30421.
29, 1049
What are the prime factors of 9584?
2, 599
List the prime factors of 970.
2, 5, 97
What are the prime factors of 9210?
2, 3, 5, 307
List the prime factors of 184513.
7, 43, 613
List the prime factors of 29100.
2, 3, 5, 97
What are the prime factors of 1520?
2, 5, 19
What are the prime factors of 216?
2, 3
What are the prime factors of 2329?
17, 137
What are the prime factors of 4916?
2, 1229
List the prime factors of 13650.
2, 3, 5, 7, 13
What are the prime factors of 3474?
2, 3, 193
What are the prime factors of 102569?
109, 941
List the prime factors of 70953.
3, 67, 353
List the prime factors of 393.
3, 131
List the prime factors of 2365.
5, 11, 43
What are the prime factors of 21236?
2, 5309
List the prime factors of 2587.
13, 199
What are the prime factors of 3665?
5, 733
List the prime factors of 2159.
17, 127
List the prime factors of 23055.
3, 5, 29, 53
List the prime factors of 10498.
2, 29, 181
List the prime factors of 462.
2, 3, 7, 11
What are the prime factors of 6116?
2, 11, 139
What are the prime factors of 14948?
2, 37, 101
List the prime factors of 6370.
2, 5, 7, 13
List the prime factors of 2904.
2, 3, 11
List the prime factors of 6878.
2, 19, 181
What are the prime factors of 7540?
2, 5, 13, 29
What are the prime factors of 15260?
2, 5, 7, 109
List the prime factors of 7871.
17, 463
What are the prime factors of 5837?
13, 449
What are the prime factors of 2340?
2, 3, 5, 13
What are the prime factors of 34865?
5, 19, 367
What are the prime factors of 189?
3, 7
What are the prime factors of 25?
5
List the prime factors of 195377.
7, 13, 19, 113
What are the prime factors of 2071?
19, 109
List the prime factors of 1174.
2, 587
List the prime factors of 10967.
11, 997
What are the prime factors of 556?
2, 139
What are the prime factors of 2249?
13, 173
What are the prime factors of 1227?
3, 409
What are the prime factors of 8117?
8117
What are the prime factors of 555?
3, 5, 37
List the prime factors of 1241.
17, 73
What are the prime factors of 12538?
2, 6269
List the prime factors of 478.
2, 239
List the prime factors of 4164.
2, 3, 347
List the prime factors of 11974.
2, 5987
List the prime factors of 8961.
3, 29, 103
What are the prime factors of 7522?
2, 3761
List the prime factors of 167293.
7, 23899
List the prime factors of 90708.
2, 3, 7559
What are the prime factors of 602?
2, 7, 43
List the prime factors of 2294.
2, 31, 37
What are the prime factors of 1704?
2, 3, 71
What are the prime factors of 73670?
2, 5, 53, 139
What are the prime factors of 2580?
2, 3, 5, 43
What are the prime factors of 83113?
17, 4889
What are the prime factors of 3908?
2, 977
List the prime factors of 10788.
2, 3, 29, 31
List the prime factors of 358.
2, 179
What are the prime factors of 6553?
6553
List the prime factors of 19275.
3, 5, 257
What are the prime factors of 5118?
2, 3, 853
List the prime factors of 3017.
7, 431
What are the prime factors of 84625?
5, 677
List the prime factors of 8898.
2, 3, 1483
What are the prime factors of 43591?
43591
What are the prime factors of 5811?
3, 13, 149
What are the prime factors of 10291?
41, 251
List the prime factors of 19853.
19853
List the prime factors of 1170.
2, 3, 5, 13
What are the prime factors of 38435?
5, 7687
List the prime factors of 162127.
7, 19, 23, 53
List the prime factors of 15189.
3, 61, 83
List the prime factors of 82772.
2, 20693
List the prime factors of 1027.
13, 79
What are the prime factors of 28813?
28813
What are the prime factors of 2248?
2, 281
List the prime factors of 773.
773
List the prime factors of 1726.
2, 863
What are the prime factors of 1079?
13, 83
List the prime factors of 151.
151
What are the prime factors of 30573?
3, 43, 79
What are the prime factors of 3208?
2, 401
What are the prime factors of 76402?
2, 38201
List the prime factors of 8564.
2, 2141
List the prime factors of 77784.
2, 3, 7, 463
List the prime factors of 6831.
3, 11, 23
What are the prime factors of 8397?
3, 311
List the prime factors of 15575.
5, 7, 89
List the prime factors of 473.
11, 43
List the prime factors of 4444.
2, 11, 101
List the prime factors of 1056.
2, 3, 11
What are the prime factors of 70584?
2, 3, 17, 173
What are the prime factors of 677?
677
List the prime factors of 52879.
52879
What are the prime factors of 935?
5, 11, 17
List the prime factors of 2262.
2, 3, 13, 29
List the prime factors of 89164.
2, 22291
List the prime factors of 68854.
2, 173, 199
List the prime factors of 5387.
5387
List the prime factors of 462.
2, 3, 7, 11
What are the prime factors of 6290?
2, 5, 17, 37
What are the prime factors of 90168?
2, 3, 13, 17
List the prime factors of 16756.
2, 59, 71
What are the prime factors of 3341?
13, 257
What are the prime factors of 536?
2, 67
List the prime factors of 1219.
23, 53
What are the prime factors of 14796?
2, 3, 137
What are the prime factors of 23473?
23473
What are the prime factors of 2733?
3, 911
What are the prime factors of 15601?
15601
List the prime factors of 3169.
3169
What are the prime factors of 13628?
2, 3407
What are the prime factors of 49?
7
List the prime factors of 2460.
2, 3, 5, 41
List the prime factors of 33087.
3, 41, 269
What are the prime factors of 467?
467
List the prime factors of 77.
7, 11
What are the prime factors of 12753?
3, 13, 109
What are the prime factors of 5987?
5987
What are the prime factors of 58646?
2, 7, 59, 71
List the prime factors of 19419.
3, 6473
What are the prime factors of 890?
2, 5, 89
List the prime factors of 1672.
2, 11, 19
What are the prime factors of 2546?
2, 19, 67
What are the prime factors of 2114?
2, 7, 151
What are the prime factors of 1626?
2, 3, 271
List the prime factors of 11362.
2, 13, 19, 23
List the prime factors of 10330.
2, 5, 1033
What are the prime factors of 251?
251
What are the prime factors of 4658?
2, 17, 137
What are the prime factors of 521?
521
What are the prime factors of 4617?
3, 19
What are the prime factors of 9414?
2, 3, 523
List the prime factors of 11726.
2, 11, 13, 41
What are the prime factors of 3997?
7, 571
List the prime factors of 14965.
5, 41, 73
What are the prime factors of 12007?
12007
List the prime factors of 239.
239
List the prime factors of 17700.
2, 3, 5, 59
List the prime factors of 8652.
2, 3, 7, 103
List the prime factors of 18136.
2, 2267
What are the prime factors of 4043?
13, 311
What are the prime factors of 812?
2, 7, 29
What are the prime factors of 5923?
5923
List the prime factors of 18635.
5, 3727
List the prime factors of 648.
2, 3
List the prime factors of 1307.
1307
List the prime factors of 71616.
2, 3, 373
List the prime factors of 16520.
2, 5, 7, 59
List the prime factors of 39510.
2, 3, 5, 439
What are the prime factors of 1309?
7, 11, 17
What are the prime factors of 3081?
3, 13, 79
List the prime factors of 203.
7, 29
List the prime factors of 3928.
2, 491
What are the prime factors of 15072?
2, 3, 157
What are the prime factors of 18708?
2, 3, 1559
What are the prime factors of 4590?
2, 3, 5, 17
What are the prime factors of 80?
2, 5
List the prime factors of 1700.
2, 5, 17
What are the prime factors of 50231?
50231
List the prime factors of 5074.
2, 43, 59
What are the prime factors of 1648?
2, 103
What are the prime factors of 20301?
3, 67, 101
List the prime factors of 53119.
11, 439
List 